{"id":32,"date":"2018-05-27T15:48:02","date_gmt":"2018-05-27T13:48:02","guid":{"rendered":"http:\/\/localhost\/?page_id=32"},"modified":"2020-08-19T11:26:02","modified_gmt":"2020-08-19T09:26:02","slug":"gewehr","status":"publish","type":"page","link":"https:\/\/triumph-schuetzen.de\/?page_id=32","title":{"rendered":"Sportschie\u00dfen Gewehr"},"content":{"rendered":"<p><strong>Gewehrschie\u00dfen<\/strong><\/p>\n<p>Wichtig beim Gewehrsch\u00fctzen sind, guter Gleichgewichtssinn gepaart mit K\u00f6rperbeherrschung, scharfe Augen und hohe Konzentrationsf\u00e4higkeit. Durch Training werden diese Eigenschaften stets verbessert.<\/p>\n<p>W\u00e4hrend des Schie\u00dfens sind die Gewehrdisziplinen am wenigsten anstrengend. Die Waffe wird ja nicht frei gehalten, der Sch\u00fctze dient praktisch nur als Auflage und St\u00fctze. An Muskelkraft ist bei technisch richtiger Haltung nicht sonderlich viel aufzuwenden.<\/p>\n<p>Allerdings braucht man relativ viel an Ausr\u00fcstung. So schlagen Schie\u00dfhose, Schie\u00dfschuhe, Schie\u00dfjacke, Schie\u00dfhandschuhe, Stativ und nicht zuletzt das Gewehr beim Transport zum Schie\u00dfstand in Form vom Volumen und Gewicht zu Buche.<\/p>\n<p>So viel Ausr\u00fcstung kostet nat\u00fcrlich auch Geld. Dies sind allerdings einmalige Ausgaben die bei jeder Sportart anfallen.<\/p>\n<p>Bei uns wird in erster Linie Luftgewehr geschossen. Dies ist die kosteng\u00fcnstigste Disziplin und darf bereits ab einem Alter von 12 Jahren betrieben werden.<\/p>\n<p><strong>Gewehrschie\u00dfen aufgelegt<\/strong><\/p>\n<p>Der Schie\u00dfsport kann bis ins hohe Alter mit Freude ausge\u00fcbt werden. Bedingt durch Alter und nachlassende K\u00f6rperkr\u00e4fte werden die Erfolgserlebnisse allerdings weniger werden.<\/p>\n<p>Der Deutsche Sch\u00fctzenbund hat deshalb neue, seniorengerechte Disziplinen ins Leben gerufen. Diese Disziplinen erm\u00f6glichen unseren Sch\u00fctzen ab dem 51. Lebensjahr ihren geliebten Schie\u00dfsport ohne gro\u00dfe Kraftanstrengung, jedoch mit gleicher Anforderung an die Konzentration, auszu\u00fcben.<\/p>\n<p>Mittels eines genau definierten Auflagebockes kann nun die Waffe mit einem Bruchteil der vorher ben\u00f6tigten Haltekraft gehalten werden.<\/p>\n<p>Durch das ruhige Halten der Waffe, kann sich der Sch\u00fctze nun voll auf die Visierung und den Abzug konzentrieren. Resultat: Schie\u00dfergebnisse Durch das ruhige Halten der Waffe, kann sich der Sch\u00fctze nun voll auf die Visierung und den Abzug konzentrieren. Resultat: Schie\u00dfergebnisse wie in jungen Jahren. Da macht der Schie\u00dfsport gleich wieder doppelt Freude.<\/p>\n<p>Bei uns stehen selbstverst\u00e4ndlich die entsprechenden Sportger\u00e4te mit Zubeh\u00f6r zur Verf\u00fcgung.<\/p>\n","protected":false},"excerpt":{"rendered":"<p>Gewehrschie\u00dfen Wichtig beim Gewehrsch\u00fctzen sind, guter Gleichgewichtssinn gepaart mit K\u00f6rperbeherrschung, scharfe Augen und hohe Konzentrationsf\u00e4higkeit. Durch Training werden diese Eigenschaften stets verbessert. W\u00e4hrend des Schie\u00dfens sind die Gewehrdisziplinen am wenigsten anstrengend. Die Waffe wird ja nicht frei gehalten, der Sch\u00fctze dient praktisch nur als Auflage und St\u00fctze. An Muskelkraft ist&#8230;<\/p>\n","protected":false},"author":1,"featured_media":0,"parent":0,"menu_order":0,"comment_status":"closed","ping_status":"closed","template":"","meta":{"footnotes":""},"class_list":["post-32","page","type-page","status-publish","hentry"],"_links":{"self":[{"href":"https:\/\/triumph-schuetzen.de\/index.php?rest_route=\/wp\/v2\/pages\/32","targetHints":{"allow":["GET"]}}],"collection":[{"href":"https:\/\/triumph-schuetzen.de\/index.php?rest_route=\/wp\/v2\/pages"}],"about":[{"href":"https:\/\/triumph-schuetzen.de\/index.php?rest_route=\/wp\/v2\/types\/page"}],"author":[{"embeddable":true,"href":"https:\/\/triumph-schuetzen.de\/index.php?rest_route=\/wp\/v2\/users\/1"}],"replies":[{"embeddable":true,"href":"https:\/\/triumph-schuetzen.de\/index.php?rest_route=%2Fwp%2Fv2%2Fcomments&post=32"}],"version-history":[{"count":8,"href":"https:\/\/triumph-schuetzen.de\/index.php?rest_route=\/wp\/v2\/pages\/32\/revisions"}],"predecessor-version":[{"id":1350,"href":"https:\/\/triumph-schuetzen.de\/index.php?rest_route=\/wp\/v2\/pages\/32\/revisions\/1350"}],"wp:attachment":[{"href":"https:\/\/triumph-schuetzen.de\/index.php?rest_route=%2Fwp%2Fv2%2Fmedia&parent=32"}],"curies":[{"name":"wp","href":"https:\/\/api.w.org\/{rel}","templated":true}]}}