{"id":282,"date":"2018-06-10T13:57:49","date_gmt":"2018-06-10T11:57:49","guid":{"rendered":"http:\/\/michaelbeetz.de\/home\/"},"modified":"2025-01-06T08:11:05","modified_gmt":"2025-01-06T07:11:05","slug":"home","status":"publish","type":"page","link":"https:\/\/triumph-schuetzen.de\/","title":{"rendered":"Home"},"content":{"rendered":"\n<div class=\"wp-block-columns is-layout-flex wp-container-core-columns-is-layout-9d6595d7 wp-block-columns-is-layout-flex\">\n<div class=\"wp-block-column is-layout-flow wp-block-column-is-layout-flow\" style=\"flex-basis:100%\">\n<div id=\"text_header_pm\">\u00a0<\/div>\n<div><a style=\"background-color: #ffffff; font-size: 0.9375rem;\" href=\"https:\/\/www.animierte-gifs.net\/data\/media\/407\/animiertes-advent-bild-0068.gif\"><img decoding=\"async\" class=\"wp-image-1194\" src=\"https:\/\/triumph-schuetzen.de\/wp-content\/uploads\/2020\/07\/Kopfzeile.jpg\" alt=\"\" width=\"1100px\" srcset=\"https:\/\/triumph-schuetzen.de\/wp-content\/uploads\/2020\/07\/Kopfzeile.jpg 922w, https:\/\/triumph-schuetzen.de\/wp-content\/uploads\/2020\/07\/Kopfzeile-300x37.jpg 300w, https:\/\/triumph-schuetzen.de\/wp-content\/uploads\/2020\/07\/Kopfzeile-768x95.jpg 768w\" sizes=\"(max-width: 922px) 100vw, 922px\" \/><\/a><\/div>\n<p><\/p>\n<p><\/p>\n<figure class=\"wp-block-table\">\n<table style=\"height: 567px;\" width=\"868\">\n<tbody>\n<tr>\n<td><img loading=\"lazy\" decoding=\"async\" class=\"aligncenter\" src=\"https:\/\/triumph-schuetzen.de\/wp-content\/uploads\/2020\/07\/Wappen.jpg\" alt=\"\" width=\"267\" height=\"375\" \/><\/td>\n<td class=\"has-text-align-left\" data-align=\"left\">\n<p><strong>Herzlich willkommen<\/strong><\/p>\n<p>\u00a0<\/p>\n<p>Die Sch\u00fctzengesellschaft <span class=\"has-inline-color\" style=\"color: #2c06e5;\">Triumph N\u00fcrnberg e.V. <\/span>begr\u00fc\u00dft Sie recht herzlich auf ihrer Homepage.<\/p>\n<p><strong><br \/>Wir hoffen, dass wir hier interessante Informationen \u00fcber unseren Verein und den Schie\u00dfsport im Allgemeinen, f\u00fcr Sie bereitgestellt haben.<\/strong><\/p>\n<p><strong><br \/>Die Seite ist zwar etwas anders konzipiert, wir hoffen aber dennoch, Sie mit der Art der Bedienung und der Pr\u00e4sentation anzusprechen.<\/strong>Viel Spa\u00df bei der Erkundung<\/p>\n<\/td>\n<td>\u00a0<\/td>\n<\/tr>\n<tr>\n<td><img loading=\"lazy\" decoding=\"async\" class=\"aligncenter\" src=\"https:\/\/triumph-schuetzen.de\/wp-content\/uploads\/2020\/07\/IK_logo_cmyk-1024x464.jpg\" width=\"298\" height=\"135\" \/><\/td>\n<td class=\"has-text-align-left\" data-align=\"left\">\u00a0<\/td>\n<td>\u00a0<\/td>\n<\/tr>\n<\/tbody>\n<\/table>\n<\/figure>\n<p><\/p>\n<p><\/p>\n<figure class=\"wp-block-image size-large is-resized\"><img decoding=\"async\" class=\"wp-image-1195\" src=\"https:\/\/triumph-schuetzen.de\/wp-content\/uploads\/2020\/07\/Fusszeile.jpg\" alt=\"\" width=\"1100\" srcset=\"https:\/\/triumph-schuetzen.de\/wp-content\/uploads\/2020\/07\/Fusszeile.jpg 922w, https:\/\/triumph-schuetzen.de\/wp-content\/uploads\/2020\/07\/Fusszeile-300x32.jpg 300w, https:\/\/triumph-schuetzen.de\/wp-content\/uploads\/2020\/07\/Fusszeile-768x81.jpg 768w\" sizes=\"(max-width: 922px) 100vw, 922px\" \/><\/figure>\n<p><\/p>\n<p><\/p>\n<p><\/p>\n<p><\/p>\n<\/div>\n<\/div>\n<!-- \/wp:post-content -->","protected":false},"excerpt":{"rendered":"<p>\u00a0 Herzlich willkommen \u00a0 Die Sch\u00fctzengesellschaft Triumph N\u00fcrnberg e.V. begr\u00fc\u00dft Sie recht herzlich auf ihrer Homepage. Wir hoffen, dass wir hier interessante Informationen \u00fcber unseren Verein und den Schie\u00dfsport im Allgemeinen, f\u00fcr Sie bereitgestellt haben. Die Seite ist zwar etwas anders konzipiert, wir hoffen aber dennoch, Sie mit der Art&#8230;<\/p>\n","protected":false},"author":1,"featured_media":0,"parent":0,"menu_order":0,"comment_status":"closed","ping_status":"closed","template":"","meta":{"footnotes":""},"class_list":["post-282","page","type-page","status-publish","hentry"],"_links":{"self":[{"href":"https:\/\/triumph-schuetzen.de\/index.php?rest_route=\/wp\/v2\/pages\/282","targetHints":{"allow":["GET"]}}],"collection":[{"href":"https:\/\/triumph-schuetzen.de\/index.php?rest_route=\/wp\/v2\/pages"}],"about":[{"href":"https:\/\/triumph-schuetzen.de\/index.php?rest_route=\/wp\/v2\/types\/page"}],"author":[{"embeddable":true,"href":"https:\/\/triumph-schuetzen.de\/index.php?rest_route=\/wp\/v2\/users\/1"}],"replies":[{"embeddable":true,"href":"https:\/\/triumph-schuetzen.de\/index.php?rest_route=%2Fwp%2Fv2%2Fcomments&post=282"}],"version-history":[{"count":507,"href":"https:\/\/triumph-schuetzen.de\/index.php?rest_route=\/wp\/v2\/pages\/282\/revisions"}],"predecessor-version":[{"id":2226,"href":"https:\/\/triumph-schuetzen.de\/index.php?rest_route=\/wp\/v2\/pages\/282\/revisions\/2226"}],"wp:attachment":[{"href":"https:\/\/triumph-schuetzen.de\/index.php?rest_route=%2Fwp%2Fv2%2Fmedia&parent=282"}],"curies":[{"name":"wp","href":"https:\/\/api.w.org\/{rel}","templated":true}]}}