{"id":269,"date":"2018-06-10T15:48:34","date_gmt":"2018-06-10T13:48:34","guid":{"rendered":"http:\/\/michaelbeetz.de\/?page_id=269"},"modified":"2025-10-08T18:39:35","modified_gmt":"2025-10-08T16:39:35","slug":"trainingszeiten-und-ort","status":"publish","type":"page","link":"https:\/\/triumph-schuetzen.de\/?page_id=269","title":{"rendered":"Trainingszeiten und Ort"},"content":{"rendered":"\n<p><strong>Training bei der SSG RWS F\u00fcrth e.V.<\/strong><\/p>\n\n\n\n<p>Da wir leider kein eigenes Vereinsheim besitzen sind wir dankenswerter Weise bei der SSG RWS F\u00fcrth e.V. eingemietet.<\/p>\n\n\n\n<p>Uns stehen alle St\u00e4nde wie KK 50m (Meyton), SpoPi 25m, ZiStu 15m und LG\/LP 10m (Meyton) zur Verf\u00fcgung.<\/p>\n\n\n\n<p><\/p>\n\n\n\n<p><\/p>\n\n\n\n<p><\/p>\n\n\n\n<figure class=\"wp-block-table\"><table class=\"has-fixed-layout\"><tbody><tr><td>Unsere Trainingsabende:<br><br><strong>jeweils am Dienstag von 17:00 Uhr bis 22:00 Uhr&nbsp;<\/strong><br><br><strong>bei der SSG RWS F\u00fcrth e.V.<\/strong><br><br><strong>Kronacher Strasse 63 in 90765 F\u00fcrth<\/strong><br><br><br><strong>Gro\u00dfkaliber nur am 1. und 3. Mittwoch im Monat zeitlich beschr\u00e4nkt.<\/strong> <strong> Ausnahmen davon sind nicht m\u00f6glich!<\/strong><br><\/td><td><img decoding=\"async\" src=\"https:\/\/triumph-schuetzen.de\/wp-content\/uploads\/2025\/10\/RWS_Logo.png\" alt=\"\"><\/td><\/tr><\/tbody><\/table><\/figure>\n\n\n\n<p>&nbsp;<\/p>\n\n\n\n<p><\/p>\n\n\n\n<p>&nbsp;<\/p>\n\n\n\n<p>&nbsp;<\/p>\n\n\n\n<p><\/p>\n","protected":false},"excerpt":{"rendered":"<p>Training bei der SSG RWS F\u00fcrth e.V. Da wir leider kein eigenes Vereinsheim besitzen sind wir dankenswerter Weise bei der SSG RWS F\u00fcrth e.V. eingemietet. Uns stehen alle St\u00e4nde wie KK 50m (Meyton), SpoPi 25m, ZiStu 15m und LG\/LP 10m (Meyton) zur Verf\u00fcgung. Unsere Trainingsabende: jeweils am Dienstag von 17:00&#8230;<\/p>\n","protected":false},"author":1,"featured_media":0,"parent":0,"menu_order":0,"comment_status":"closed","ping_status":"closed","template":"templates\/full-width-page.php","meta":{"footnotes":""},"class_list":["post-269","page","type-page","status-publish","hentry"],"_links":{"self":[{"href":"https:\/\/triumph-schuetzen.de\/index.php?rest_route=\/wp\/v2\/pages\/269","targetHints":{"allow":["GET"]}}],"collection":[{"href":"https:\/\/triumph-schuetzen.de\/index.php?rest_route=\/wp\/v2\/pages"}],"about":[{"href":"https:\/\/triumph-schuetzen.de\/index.php?rest_route=\/wp\/v2\/types\/page"}],"author":[{"embeddable":true,"href":"https:\/\/triumph-schuetzen.de\/index.php?rest_route=\/wp\/v2\/users\/1"}],"replies":[{"embeddable":true,"href":"https:\/\/triumph-schuetzen.de\/index.php?rest_route=%2Fwp%2Fv2%2Fcomments&post=269"}],"version-history":[{"count":20,"href":"https:\/\/triumph-schuetzen.de\/index.php?rest_route=\/wp\/v2\/pages\/269\/revisions"}],"predecessor-version":[{"id":2244,"href":"https:\/\/triumph-schuetzen.de\/index.php?rest_route=\/wp\/v2\/pages\/269\/revisions\/2244"}],"wp:attachment":[{"href":"https:\/\/triumph-schuetzen.de\/index.php?rest_route=%2Fwp%2Fv2%2Fmedia&parent=269"}],"curies":[{"name":"wp","href":"https:\/\/api.w.org\/{rel}","templated":true}]}}